divided by q(-9).
1
Let a = 9 + -8. Calculate the remainder when (8/8)/(a/54) is divided by 14.
12
Let r(v) = v + v - 1 - 1 - v. Let p be r(0). What is the remainder when 37 is divided by p/6 - (-174)/9?
18
Suppose -4*w = n + 3, -5*n + 5*w + 59 = 24. Let o(g) = 13*g**2 + 2*g - 1. Let l be (4/(-6))/(4/(-6)). Calculate the remainder when o(l) is divided by n.
4
Let q = -2 - -13. Suppose 3*k + q - 47 = 0. What is the remainder when 35 is divided by k?
11
Let l = -28 + 31. Suppose -m + 22 = 4*k, 0 = k + 4*m - l + 5. What is the remainder when 9 - (0 - 1)*1 is divided by k?
4
Suppose -3*p - 2*p = 30. Let r = -4 - p. Suppose 0 = h + 2*g - 10 - 12, -r*h = -g - 29. What is the remainder when 46 is divided by h?
14
Let q = 16 - 12. Suppose -q*d + 19 = -9. Calculate the remainder when 12 is divided by d.
5
Let m(f) = -f**2 + 16. Suppose -4*t = -t. Suppose t = 3*z - 0*z. What is the remainder when m(z) is divided by 6?
4
Let i = 5 - -2. What is the remainder when i is divided by 4?
3
Suppose 19 = r - j - 3*j, -29 = -3*r + 5*j. Suppose -c + 48 = -r*a, -3*c + 172 = -0*c + 5*a. Calculate the remainder when c is divided by 19.
16
Suppose 22 = -2*w + 68. Calculate the remainder when 89 is divided by w.
20
Calculate the remainder when (-112)/(-56)*15/(-2)*-1 is divided by 6.
3
Suppose 6*s = 9*s - 66. Calculate the remainder when 85 is divided by s.
19
Suppose 2*n + n - 90 = 0. Calculate the remainder when 44 is divided by n/(-4)*(1 - 3).
14
Suppose -2*u - 2*u + 56 = 0. Let v be 91/4 + 21/(-28). Let r = v + 18. What is the remainder when r is divided by u?
12
Let o(i) = 2*i - 5. Suppose 6 = 3*b, -3*b - 1 - 5 = 4*q. Let z(w) = 2*w**2 - 4*w - 1. Calculate the remainder when z(q) is divided by o(10).
14
Let o = 4 - 8. What is the remainder when 26 is divided by (9/o)/((-4)/16)?
8
Let r = 10 + 41. What is the remainder when r is divided by 11?
7
Let f(n) = -13*n - 3. Let l(c) = -10*c**3 - 4*c**2 - c + 1. Calculate the remainder when l(-2) is divided by f(-2).
21
Suppose 8*v = 4*v + 12. What is the remainder when 5 is divided by (4 + -10)*(-1)/v?
1
Let a(x) = x**2 - 5*x + 6. Calculate the remainder when 11 is divided by a(5).
5
Suppose -3*y + 3*i + 27 = 0, 4*i = -3*y + 15 + 12. Suppose -6 = 5*g + 24. What is the remainder when y is divided by 5/2*(-4 - g)?
4
Let q(f) = -f**2 + f - 1. Let r be q(3). Let c = -3 - r. Suppose -17 = -c*b + 23. What is the remainder when 18 is divided by b?
8
Let r be (-4)/(-18) + (-6717)/(-27). Let a be 2/5 - r/(-15). Let i = a - -9. What is the remainder when i is divided by 14?
12
Suppose 0 = -o - 2*g + 2, 3*g + 12 = -4*o - 5. Let a = 12 + o. Suppose -11*c - 4*c + 30 = 0. Calculate the remainder when a is divided by c.
0
Suppose -2*u = -4*w - 2, -12 = -4*w + 5*u - 5. Let h be ((-1)/2)/(w/12). Suppose h*s + s = 88. Calculate the remainder when 42 is divided by s.
20
Calculate the remainder when 108 is divided by 5/10 + 0 + (-86)/(-4).
20
Calculate the remainder when ((-6)/(-4))/((-2)/(-4)) is divided by ((-216)/40 - -6) + 2/5.
0
Suppose 0*s + 28 = s. Calculate the remainder when s is divided by 8.
4
Let d = 35 - 20. Suppose -17 - 23 = -z + 3*r, -5*z - 4*r + 219 = 0. Calculate the remainder when z is divided by d.
13
Suppose 0 = -4*x + 7 + 49. Let w = -453 - -494. Calculate the remainder when w is divided by x.
13
Suppose -m + 3 - 1 = 0. Calculate the remainder when 7 is divided by m.
1
Let n = 1 + -1. Suppose -4*j = 2*m - 42, 4*j - 3*j = -m + 17. What is the remainder when n + 0 + -2 + 40 is divided by m?
12
Let x(g) = g**3 + g**2 + g + 47. What is the remainder when x(0) is divided by 8?
7
Let q = -328 - -466. Let k(l) = l**3 + 6*l**2 + 7*l + 4. What is the remainder when (4/(-12))/((-2)/q) is divided by k(-4)?
7
Let n = -6 - -5. Calculate the remainder when n/(4/(-69 + 1)) is divided by 5.
2
Suppose 2*a + 5*w - 16 = 0, -3*a = -0*a - w - 7. Suppose -11 = a*o - 86. What is the remainder when o is divided by (-94)/(-10) + 10/(-25)?
7
Let h(f) = -f**2 + 9*f + 10. Let p = -1 + 2. Calculate the remainder when h(8) is divided by (-14)/p*1/(-2).
4
Suppose 3*i - 4 = 8. Calculate the remainder when 18 is divided by i.
2
Let h = -1 + 21. What is the remainder when 37 is divided by h?
17
Let o(q) be the third derivative of -1/8*q**4 + 3*q**2 + 0*q + 1/15*q**5 + 1/6*q**3 + 0. What is the remainder when 31 is divided by o(2)?
9
Calculate the remainder when 57 is divided by ((-3)/5)/(2/(-50)).
12
Suppose 23*v = 22*v + 64. Calculate the remainder when v is divided by 33.
31
Let d be (-1)/(-3 + (-34)/(-11)). Let k(w) = w**3 + 12*w**2 + 10*w + 2. Calculate the remainder when 51 is divided by k(d).
12
Let w = 1 + 32. Suppose -6*f = -3*f - w. What is the remainder when f is divided by 3?
2
Let v = 13 + -30. Let t = -7 - v. Calculate the remainder when t is divided by 3 + 5*(-15)/(-25).
4
Let a be 4/(-18) + (-20)/(-9). Suppose -4*m + 15 = 3*f - 68, 0 = -a*f - 3*m + 56. Calculate the remainder when 47 is divided by f.
22
Let b(q) = 11*q**2 - 6*q + 1. Calculate the remainder when b(3) is divided by 12.
10
Suppose 0 = -5*w + 169 + 106. Let i = w - -3. Suppose q + q = i. Calculate the remainder when q is divided by 8.
5
Let b(o) = o + 9. Let v be b(-7). Suppose -v*h = -6*h + 36. Suppose 0 = -5*i + 2*i + 15. Calculate the remainder when h is divided by i.
4
Suppose 19 = 2*f - k - 4*k, 2*f + 3*k = 11. Calculate the remainder when 12 is divided by f.
5
Let p be 11/(-1) - (1 + -1). Let o = -8 - p. What is the remainder when o is divided by 1?
0
Suppose 0 = -2*h - 2*b + 16, h = -0*b + 2*b - 4. Calculate the remainder when h/22 + (-216)/(-22) is divided by 3.
1
Let q = 52 - 30. Suppose g - q = -u, -3*u = g - 0*u - 32. Let b = g + -10. Calculate the remainder when 12 is divided by b.
5
Suppose -2*a + 1 + 33 = 0. Let x = 125 - 77. What is the remainder when x is divided by a?
14
Suppose 0 = -18*o + 19*o - 45. Calculate the remainder when 131 is divided by o.
41
Let c = -14 - -35. Calculate the remainder when 61 is divided by c.
19
Let i(k) = -3*k**2 + 5*k + 1. Let y be i(4). Let z be (-6)/y - 16/(-9). Suppose 93 = t + z*t. Calculate the remainder when t is divided by 16.
15
Let f = 40 + -36. Suppose 4 = 3*p - 14. Calculate the remainder when p is divided by f.
2
Let k = -97 - 153. What is the remainder when k/(-8) + (-2)/8 is divided by 0 + 0 + 16/1?
15
Suppose 0 = 3*k - 5*k + 14. Let v(q) = -2*q + 8. Let n be v(k). Let s(p) = p**2 + 6*p + 5. Calculate the remainder when 13 is divided by s(n).
3
Let i(x) = 2*x - 5 + 8 - 5*x**2 - 5 + 24*x**2. Suppose -b + 56 = -y - 4*y, -4*b + 224 = -3*y. What is the remainder when b is divided by i(1)?
18
Suppose -20 = -y + 1. What is the remainder when 104 is divided by y?
20
Let u = -41 + 44. Calculate the remainder when 6 is divided by u.
0
Let s(g) = g**3 - 4*g**2 + g. Let f be s(4). Suppose f*d = -29 + 285. What is the remainder when d is divided by 22?
20
Let s be (-6 - -3) + -5 + 2. Let p(k) = k**2 + 4*k - 3. Let w(y) = -4*y. What is the remainder when w(-4) is divided by p(s)?
7
Suppose -3*p = -4*p + 4. Suppose 66 = 5*y - m + 6, p*y - m - 48 = 0. What is the remainder when 22 is divided by y?
10
Suppose -10 = -3*h - 3*f + 2*f, 0 = -f - 5. Suppose -2*z = 0, 0 = -o - 3*z + 8 + h. What is the remainder when o is divided by (1 - -5) + (-2)/(-2)?
6
What is the remainder when (1*(2 - 1))/(1/19) is divided by 7?
5
Suppose -5*m + 52 + 158 = 0. Calculate the remainder when 166 is divided by m.
40
Let g(s) = -s**3 + 11*s**2 - 12*s + 10. Let o be g(10). Let p = -6 - o. Calculate the remainder when 14 is divided by p.
2
Suppose 5*y - b + 18 = 0, -24 = 3*y - 0*b - 5*b. Let o = 3 - y. Calculate the remainder when 11 is divided by o.
5
Suppose -41 = 5*z - 141. Suppose -36 = -4*r - 4*x + z, 5*x + 110 = 5*r. What is the remainder when r is divided by 5?
3
Suppose -19*f - 12 = -23*f. Suppose -5*p = -59 + 4. Calculate the remainder when p is divided by f.
2
Let d = 22 - 3. What is the remainder when d is divided by 5?
4
Suppose 2*k - 4*v - v - 37 = 0, 4*v = -4*k + 4. Suppose g - 2*g + 37 = 0. Suppose -2*c + g = -9. Calculate the remainder when c is divided by k.
5
Let o be (-6)/(-21) + 186/(-14). Let b = -7 - o. Calculate the remainder when 23 is divided by b.
5
Suppose -9*d = -4*d - 35. Let t = d - -7. Suppose -3*f + 118 = -2*u, f + 77 = 